nd 7?
7
Let y(f) = 7*f - 13. Let p be y(7). Calculate the greatest common divisor of 48 and p.
12
Let o = -10 - -16. Suppose -5*t = -2*g + o*g + 5, 3*g + 10 = -5*t. What is the highest common divisor of g and 5?
5
Let y(o) = o**3 + 16*o**2 - 38*o - 3. Let b be y(-18). Calculate the highest common factor of 3 and b.
3
Suppose 3*x - 3*k = -27, 3*x + k = 6*k - 17. Let l = x - -34. Calculate the highest common factor of l and 50.
10
Let f = -422 - 574. Let o be f/30 - 2/(-10). Let u be (16/6)/((-1)/o). Calculate the greatest common divisor of 11 and u.
11
Suppose -2*q + 4*q = 2*j, 5*j - q = 16. Let f be j/22 + (-124)/(-44). Let b be -6*(0 + (-88)/f). What is the greatest common factor of 16 and b?
16
Let v be 2/(-8) + 361/4. Let w be 358/10 + (15/3)/25. What is the highest common factor of v and w?
18
Let k be 0/3 + 52 - 2. Suppose -o + k = 4*o. Calculate the highest common divisor of o and 5.
5
Suppose 7*s - 6*s = 44. What is the highest common factor of s and 4?
4
Let r = 2 + -8. Let y be (4/r)/(2/(-60)). Calculate the highest common divisor of 5 and y.
5
Let l(o) = -19*o - 8. Let j be l(-10). Calculate the highest common divisor of 26 and j.
26
Suppose -3*m + 59 = 11. Let i be 5 + -2 + (-1)/(-1). What is the highest common factor of i and m?
4
Suppose -n + 32 = 2*x + 3*n, -5*x - n + 98 = 0. Let s be (-75)/(-2)*20/15. What is the greatest common divisor of s and x?
10
Let k be 2*(13/2 + 1). Let f = k + -10. Let x be (-1)/3 + 32/6. What is the greatest common factor of f and x?
5
Let m = -589 - -958. Calculate the greatest common divisor of m and 41.
41
Let z be 3*(1/(-3) + 3). Suppose 45 = -3*c + z*c. Suppose y + 3*y = -4*x + 112, 29 = x + 2*y. What is the highest common divisor of c and x?
9
Let o = -16 - -93. What is the greatest common factor of o and 7?
7
Let p(o) = -1. Let i(j) = -j**2 + 7*j - 6. Let b(y) = -i(y) + 2*p(y). Let g be b(8). What is the greatest common factor of g and 108?
12
Suppose -8 = -2*z, -5*h + 3*z = -22 - 71. Let w(c) = -c + 1. Let j be w(-6). What is the greatest common factor of h and j?
7
Suppose -5*c + 10*c = 0. Suppose c*n = -2*n + 2. Suppose n = -4*r + 9. What is the highest common factor of 6 and r?
2
Let z = 4 + 5. Calculate the greatest common factor of z and 9.
9
Let c = -158 + 66. Let p be 6/(-4) + c/(-8). Calculate the highest common factor of p and 10.
10
Let n be ((-1)/(-3))/(5/30). Suppose 3*t - 2*z - 3 = -6, -n*t - 2*z - 2 = 0. Let m be -2 - (-11 + (-2 - t)). Calculate the greatest common factor of m and 15.
5
Let m = 164 + -162. Suppose -2*h + 11 = -5*o, 5 + 10 = 4*h - 3*o. What is the greatest common factor of m and h?
1
Let c be (1 - 2)/((-1)/13). Let j be ((-52)/(-10))/(7/70). What is the greatest common factor of j and c?
13
Let d = 41 - 21. Suppose 3*y + y + l = -4, 5*l = y - d. Suppose y*m = 3*m - 3. What is the highest common factor of 7 and m?
1
Suppose -2*z = 3*n - 31, -5*z - 11 = 3*n - 39. Suppose -x - 29 = -f - 2*x, 0 = -4*f + 4*x + 148. Calculate the highest common divisor of f and n.
11
Suppose -2*o - 12 = -6*o. Let f = o + 1. Let k be (f/(-6))/((-4)/78). What is the highest common divisor of k and 117?
13
Let o be ((-7)/5 - -1)*-10. Calculate the greatest common divisor of o and 36.
4
Let u = 30 - 18. What is the highest common factor of u and 4?
4
Let s = 87 - 51. Calculate the greatest common divisor of s and 90.
18
Let w(b) = -b**3 - 7*b**2 - 2*b + 8. Let x be w(-7). Let d = x - 12. Calculate the greatest common factor of 50 and d.
10
Let a be 20/6*(-3)/(-1). Suppose -3*z + 27 + 123 = 0. Suppose z = n - 5*c, -n = -2*c + 3*c - 74. What is the greatest common factor of n and a?
10
Let v = 56 - 83. Let b = -14 - v. What is the greatest common divisor of b and 104?
13
Let m(b) = -b**3 + 7*b**2 + b - 6. Suppose -4*g = -0*l - l - 21, l = -2*g + 15. Let a be m(g). Let v = 51 - 27. What is the highest common factor of a and v?
12
Suppose -4*w + h - 20 = 0, 2*w + 3*h = 4 - 14. Let z = 2 + w. Let i be (-109)/(z/3) + -1. What is the highest common factor of 12 and i?
12
Let w be -2*(8/(-4))/1. Suppose j - w*j = 4*z - 44, 32 = 5*z - 2*j. Calculate the greatest common factor of 56 and z.
8
Let b be 75/6*((-8)/20 - -2). Calculate the highest common factor of 12 and b.
4
Let i be (12/(-8))/((-2)/4). Let h be 1/(i/9) - -1. Suppose 4*q - 3*w = -0*w + 41, -5*w - 31 = -h*q. What is the greatest common divisor of 2 and q?
2
Let m = 16 - 16. Suppose m = 2*g + 2*g - 756. What is the greatest common divisor of g and 27?
27
Let j(s) = -17*s - 2. Let z be j(-4). Suppose r = -3*y + 19, 2*y - 3*y + 10 = 4*r. What is the highest common factor of z and y?
6
Suppose -3*y = -15, -7*x = -2*x + y - 245. What is the greatest common factor of 16 and x?
16
Suppose -5*z - 2*p + 390 = 0, -3*z + 244 = 5*p - 9. Let c = z - 44. What is the greatest common divisor of 80 and c?
16
Let h be ((-1)/2*-2)/((-2)/(-140)). What is the highest common divisor of 28 and h?
14
Let d(j) = -j**3 - 10*j**2 - 10*j - 5. Let i be d(-9). Let r be 102/5 - (-2)/(-5). Let p be (-1*3)/((-3)/r). Calculate the greatest common factor of p and i.
4
Let g be (-5)/10 - 158/(-4). Suppose -2*c - 1 = -c. Let t be 6 - 8 - 15*c. What is the greatest common divisor of g and t?
13
Let r = 5 - 0. Suppose -m + 1 = z, -4*z = r*m - 0 - 6. Suppose m*x = 33 - 5. Calculate the greatest common divisor of 14 and x.
14
Suppose r - 2*r + 5 = 0. Let l(b) = 2*b**2 + 8*b - 19. Let m be l(-8). Calculate the highest common factor of m and r.
5
Let z = 12 - 5. Let j be (3/2)/((-39)/(-728)). Calculate the highest common divisor of z and j.
7
Suppose 0 = -0*a - 3*a + 48. Let d be 2/(-4) - (-152)/a. Calculate the greatest common divisor of 63 and d.
9
Let c = 4 + -1. Let k be 12*c/(-10)*-30. Let o = -161 + 173. Calculate the greatest common divisor of k and o.
12
Suppose 6*i - 132 = 3*i. Let q be (-9)/(-15) - 18/5. Let y be (q - 0) + 8 - 1. What is the highest common factor of i and y?
4
Let i = 45 - 29. Calculate the greatest common factor of 16 and i.
16
Suppose -n + 4 = -4. Suppose 2*v - v - n = s, s = 0. Calculate the highest common divisor of v and 8.
8
Suppose -j = 4*l - 62, 3*j - 180 = -j + l. Let i = 98 - j. What is the highest common factor of i and 13?
13
Suppose 4*n = -f + 14, 4*n + 15 = 4*f + 39. Suppose -5*t + n*y + 32 = 0, 0*y - 5*y + 2 = -t. Calculate the highest common divisor of t and 20.
4
Suppose 4*t - 34 = 10. Calculate the highest common divisor of t and 1.
1
Let i be (-1972)/(-36) + 10/45. What is the greatest common factor of 22 and i?
11
Suppose 16 = p + 5*c, -4*c - 9 = p - 22. Let n be ((-28)/8)/(p/(-2)). Calculate the highest common divisor of 56 and n.
7
Let v = -117 - -128. What is the greatest common divisor of v and 55?
11
Suppose 136 = 2*d - 3*w, -204 = -2*d - d + 5*w. Suppose p + 3*p = d. Let r = p - -7. What is the highest common factor of 3 and r?
3
Suppose -4*z = 5*j - 279, -5*z + 2*j - 5*j + 365 = 0. Calculate the greatest common divisor of 4 and z.
4
Suppose -3*n - 2*n + 75 = 0. Calculate the highest common divisor of n and 15.
15
Suppose 3*x = -f + 1, 5*f - 6 = 2*x - 1. Let y be (-4 - -2)/(f/(-9)). What is the highest common factor of y and 27?
9
Let p(g) = 62*g**2 + 2. Let d be p(2). Suppose -103 = -2*z + u, 6*u + d = 5*z + 2*u. Suppose -396 = -5*r + z. What is the greatest common factor of r and 18?
18
Suppose -5*b = -m - 1195, 5*b - m - 1185 = 2*m. Suppose -4*h + 3*v = -b, 0 = 5*h + 5*v - 0*v - 335. What is the highest common divisor of h and 7?
7
Let l(o) = -3*o - 16. Let b be l(-12). Calculate the highest common factor of 4 and b.
4
Let o = 40 + -26. Let f = o - 13. Calculate the greatest common divisor of f and 11.
1
Let h be 86/10 - 14/(-35). Suppose h = s - 2*j - 5, -4*j - 16 = -s. Calculate the greatest common divisor of 48 and s.
12
Let b(s) = 23*s**2 + 7*s + 12. Let a be b(-2). What is the greatest common divisor of 10 and a?
10
Let m(w) = w**2 + 6*w - 4. Let d be m(-6). Let c be 4/(-6)*84/d. What is the greatest common factor of 56 and c?
14
Suppose 3*s + 2 = z - 2, -2*z - 2*s = 8. Let u be (-516)/(-18) - z/(-3). Calculate the highest common factor of 14 and u.
14
Suppose 4*y + 6 - 58 = 0. What is the highest common divisor of 39 and y?
13
Suppose 4*l + 2*m = 3*m + 33, 3 = m. What is the greatest common divisor of l and 6?
3
Sup